{"id":1247,"date":"2022-11-27T17:58:39","date_gmt":"2022-11-27T14:58:39","guid":{"rendered":"http:\/\/tsbd.org.tr\/?page_id=1247"},"modified":"2023-01-18T15:12:00","modified_gmt":"2023-01-18T12:12:00","slug":"7-aralik-2022-dr-mary-robertson","status":"publish","type":"page","link":"https:\/\/tsbd.org.tr\/?page_id=1247","title":{"rendered":"7 Aral\u0131k 2022 Dr. Mary Robertson"},"content":{"rendered":"\n<p>7 Aral\u0131k 2022 \u00c7ar\u015famba S\u00f6yle\u015fisi<\/p>\n\n\n\n<p><strong>Dr. Mary Robertson: (University of West of England) : State, class, nation<\/strong>: The contradictions of the transition proposals in Labour\u2019s 2019 manifesto.<\/p>\n\n\n\n<figure class=\"wp-block-image size-large\"><img fetchpriority=\"high\" decoding=\"async\" width=\"688\" height=\"1024\" src=\"http:\/\/tsbd.org.tr\/wp-content\/uploads\/2022\/11\/d1c5224a-b57d-46fe-b66e-140547c0c04e-1-688x1024.jpg\" alt=\"\" class=\"wp-image-1252\" srcset=\"https:\/\/tsbd.org.tr\/wp-content\/uploads\/2022\/11\/d1c5224a-b57d-46fe-b66e-140547c0c04e-1-688x1024.jpg 688w, https:\/\/tsbd.org.tr\/wp-content\/uploads\/2022\/11\/d1c5224a-b57d-46fe-b66e-140547c0c04e-1-202x300.jpg 202w, https:\/\/tsbd.org.tr\/wp-content\/uploads\/2022\/11\/d1c5224a-b57d-46fe-b66e-140547c0c04e-1-768x1143.jpg 768w, https:\/\/tsbd.org.tr\/wp-content\/uploads\/2022\/11\/d1c5224a-b57d-46fe-b66e-140547c0c04e-1-1032x1536.jpg 1032w, https:\/\/tsbd.org.tr\/wp-content\/uploads\/2022\/11\/d1c5224a-b57d-46fe-b66e-140547c0c04e-1.jpg 1079w\" sizes=\"(max-width: 688px) 100vw, 688px\" \/><\/figure>\n\n\n\n<p><a href=\"mailto:yalman@metu.edu.tr\" target=\"_blank\" rel=\"noreferrer noopener\">yalman@metu.edu.tr<\/a>&nbsp;is inviting you to a scheduled Zoom meeting.<\/p>\n\n\n\n<p>Topic: My Meeting<\/p>\n\n\n\n<p>Time: Dec 7, 2022 08:00 PM Istanbul<\/p>\n\n\n\n<p>Join Zoom Meeting<\/p>\n\n\n\n<figure class=\"wp-block-embed\"><div class=\"wp-block-embed__wrapper\">\nhttps:\/\/zoom.us\/j\/95640155938?pwd=VlpHcFFzNFFpWGE2OWE2NVJka21DQT09\n<\/div><\/figure>\n\n\n\n<p>Meeting ID: 956 4015 5938<\/p>\n\n\n\n<p>Passcode: 816702<\/p>\n\n\n\n<p>One tap mobile<\/p>\n\n\n\n<p>+13092053325,,95640155938#,,,,*816702# US<\/p>\n\n\n\n<p>+13126266799,,95640155938#,,,,*816702# US (Chicago)<\/p>\n\n\n\n<p>Dial by your location<\/p>\n\n\n\n<p>&nbsp;&nbsp;&nbsp;&nbsp;&nbsp;&nbsp;&nbsp; +1 309 205 3325 US<\/p>\n\n\n\n<p>&nbsp;&nbsp;&nbsp;&nbsp;&nbsp;&nbsp;&nbsp; +1 312 626 6799 US (Chicago)<\/p>\n\n\n\n<p>&nbsp;&nbsp;&nbsp;&nbsp;&nbsp;&nbsp;&nbsp; +1 346 248 7799 US (Houston)<\/p>\n\n\n\n<p>&nbsp;&nbsp;&nbsp;&nbsp;&nbsp;&nbsp;&nbsp; +1 360 209 5623 US<\/p>\n\n\n\n<p>&nbsp;&nbsp;&nbsp;&nbsp;&nbsp;&nbsp;&nbsp; +1 386 347 5053 US<\/p>\n\n\n\n<p>&nbsp;&nbsp;&nbsp;&nbsp;&nbsp;&nbsp;&nbsp; +1 507 473 4847 US<\/p>\n\n\n\n<p>&nbsp;&nbsp;&nbsp;&nbsp;&nbsp;&nbsp;&nbsp; +1 564 217 2000 US<\/p>\n\n\n\n<p>&nbsp;&nbsp;&nbsp;&nbsp;&nbsp;&nbsp;&nbsp; +1 646 558 8656 US (New York)<\/p>\n\n\n\n<p>&nbsp;&nbsp;&nbsp;&nbsp;&nbsp;&nbsp;&nbsp; +1 646 931 3860 US<\/p>\n\n\n\n<p>&nbsp;&nbsp;&nbsp;&nbsp;&nbsp;&nbsp;&nbsp; +1 669 444 9171 US<\/p>\n\n\n\n<p>&nbsp;&nbsp;&nbsp;&nbsp;&nbsp;&nbsp;&nbsp; +1 669 900 9128 US (San Jose)<\/p>\n\n\n\n<p>&nbsp;&nbsp;&nbsp;&nbsp;&nbsp;&nbsp;&nbsp; +1 689 278 1000 US<\/p>\n\n\n\n<p>&nbsp;&nbsp;&nbsp;&nbsp;&nbsp;&nbsp;&nbsp; +1 719 359 4580 US<\/p>\n\n\n\n<p>&nbsp;&nbsp;&nbsp;&nbsp;&nbsp;&nbsp;&nbsp; +1 253 205 0468 US<\/p>\n\n\n\n<p>&nbsp;&nbsp;&nbsp;&nbsp;&nbsp;&nbsp;&nbsp; +1 253 215 8782 US (Tacoma)<\/p>\n\n\n\n<p>&nbsp;&nbsp;&nbsp;&nbsp;&nbsp;&nbsp;&nbsp; +1 301 715 8592 US (Washington DC)<\/p>\n\n\n\n<p>&nbsp;&nbsp;&nbsp;&nbsp;&nbsp;&nbsp;&nbsp; +1 305 224 1968 US<\/p>\n\n\n\n<p>Meeting ID: 956 4015 5938<\/p>\n\n\n\n<p>Passcode: 816702<\/p>\n\n\n\n<p>Find your local number:&nbsp;<a href=\"https:\/\/zoom.us\/u\/adn8ktVt9p\" target=\"_blank\" rel=\"noreferrer noopener\">https:\/\/zoom.us\/u\/adn8ktVt9p<\/a><\/p>\n\n\n\n<p>Join by SIP<\/p>\n\n\n\n<p><a href=\"mailto:95640155938@zoomcrc.com\" target=\"_blank\" rel=\"noreferrer noopener\">95640155938@zoomcrc.com<\/a><\/p>\n\n\n\n<p>Join by H.323<\/p>\n\n\n\n<p>162.255.37.11 (US West)<\/p>\n\n\n\n<p>162.255.36.11 (US East)<\/p>\n\n\n\n<p>115.114.131.7 (India Mumbai)<\/p>\n\n\n\n<p>115.114.115.7 (India Hyderabad)<\/p>\n\n\n\n<p>213.19.144.110 (Amsterdam Netherlands)<\/p>\n\n\n\n<p>213.244.140.110 (Germany)<\/p>\n\n\n\n<p>103.122.166.55 (Australia Sydney)<\/p>\n\n\n\n<p>103.122.167.55 (Australia Melbourne)<\/p>\n\n\n\n<p>149.137.40.110 (Singapore)<\/p>\n\n\n\n<p>64.211.144.160 (Brazil)<\/p>\n\n\n\n<p>149.137.68.253 (Mexico)<\/p>\n\n\n\n<p>69.174.57.160 (Canada Toronto)<\/p>\n\n\n\n<p>65.39.152.160 (Canada Vancouver)<\/p>\n\n\n\n<p>207.226.132.110 (Japan Tokyo)<\/p>\n\n\n\n<p>149.137.24.110 (Japan Osaka)<\/p>\n\n\n\n<p>Meeting ID: 956 4015 5938<\/p>\n\n\n\n<p>Passcode: 816702<\/p>\n","protected":false},"excerpt":{"rendered":"<p>7 Aral\u0131k 2022 \u00c7ar\u015famba S\u00f6yle\u015fisi Dr. Mary Robertson: (University of West of England) : State, class, nation: The contradictions of the transition proposals in Labour\u2019s 2019 manifesto. yalman@metu.edu.tr&nbsp;is inviting you to a scheduled Zoom meeting. Topic: My Meeting Time: Dec 7, 2022 08:00 PM Istanbul Join Zoom Meeting Meeting ID: 956 4015 5938 Passcode: 816702 [&hellip;]<\/p>\n","protected":false},"author":3,"featured_media":0,"parent":108,"menu_order":0,"comment_status":"closed","ping_status":"closed","template":"","meta":{"_uag_custom_page_level_css":"","_themeisle_gutenberg_block_has_review":false,"footnotes":""},"class_list":["post-1247","page","type-page","status-publish","hentry"],"blocksy_meta":[],"uagb_featured_image_src":{"full":false,"thumbnail":false,"medium":false,"medium_large":false,"large":false,"1536x1536":false,"2048x2048":false},"uagb_author_info":{"display_name":false,"author_link":"https:\/\/tsbd.org.tr\/?author=3"},"uagb_comment_info":0,"uagb_excerpt":"7 Aral\u0131k 2022 \u00c7ar\u015famba S\u00f6yle\u015fisi Dr. Mary Robertson: (University of West of England) : State, class, nation: The contradictions of the transition proposals in Labour\u2019s 2019 manifesto. yalman@metu.edu.tr&nbsp;is inviting you to a scheduled Zoom meeting. Topic: My Meeting Time: Dec 7, 2022 08:00 PM Istanbul Join Zoom Meeting Meeting ID: 956 4015 5938 Passcode: 816702&hellip;","_links":{"self":[{"href":"https:\/\/tsbd.org.tr\/index.php?rest_route=\/wp\/v2\/pages\/1247","targetHints":{"allow":["GET"]}}],"collection":[{"href":"https:\/\/tsbd.org.tr\/index.php?rest_route=\/wp\/v2\/pages"}],"about":[{"href":"https:\/\/tsbd.org.tr\/index.php?rest_route=\/wp\/v2\/types\/page"}],"author":[{"embeddable":true,"href":"https:\/\/tsbd.org.tr\/index.php?rest_route=\/wp\/v2\/users\/3"}],"replies":[{"embeddable":true,"href":"https:\/\/tsbd.org.tr\/index.php?rest_route=%2Fwp%2Fv2%2Fcomments&post=1247"}],"version-history":[{"count":3,"href":"https:\/\/tsbd.org.tr\/index.php?rest_route=\/wp\/v2\/pages\/1247\/revisions"}],"predecessor-version":[{"id":1253,"href":"https:\/\/tsbd.org.tr\/index.php?rest_route=\/wp\/v2\/pages\/1247\/revisions\/1253"}],"up":[{"embeddable":true,"href":"https:\/\/tsbd.org.tr\/index.php?rest_route=\/wp\/v2\/pages\/108"}],"wp:attachment":[{"href":"https:\/\/tsbd.org.tr\/index.php?rest_route=%2Fwp%2Fv2%2Fmedia&parent=1247"}],"curies":[{"name":"wp","href":"https:\/\/api.w.org\/{rel}","templated":true}]}}