{"id":49,"date":"2017-01-25T18:53:37","date_gmt":"2017-01-25T15:53:37","guid":{"rendered":"http:\/\/tsbd.org.tr\/?page_id=49"},"modified":"2025-05-17T10:04:30","modified_gmt":"2025-05-17T07:04:30","slug":"dernek-yonetimi","status":"publish","type":"page","link":"https:\/\/tsbd.org.tr\/?page_id=49","title":{"rendered":"DERNEK Y\u00d6NET\u0130M\u0130"},"content":{"rendered":"<p>26.04.2025 tarihinde toplanan ola\u011fan genel kurulumuzda 2023-2025 d\u00f6nemi y\u00f6netim kurulu \u00e7al\u0131\u015fma raporu ve denetim kurulu raporu okunarak kabul edilmi\u015ftir.<\/p>\n<p>Genel kurulda \u00fcye aidatlar\u0131n\u0131n y\u0131ll\u0131k 600 TL\u2019ye y\u00fckseltilmesi \u00f6nerisi kabul edilerek, \u00fcyelerin aidatlar\u0131n\u0131 d\u00fczenli olarak \u00f6demesi konusunda, yeni se\u00e7ilecek y\u00f6netim kuruluna giri\u015fimde bulunmas\u0131 \u00f6nerisi benimsenmi\u015ftir.<\/p>\n<p>Genel kurulun \u00f6n\u00fcm\u00fczdeki \u00e7al\u0131\u015fma d\u00f6nemine ili\u015fkin dilek ve \u00f6neriler b\u00f6l\u00fcm\u00fcnde, genel kurul \u00fcyelerinin kat\u0131l\u0131m\u0131yla \u00f6n\u00fcm\u00fczdeki d\u00f6nem faaliyetlerine ili\u015fkin g\u00f6r\u00fc\u015fler ve \u00f6neriler tart\u0131\u015f\u0131lm\u0131\u015ft\u0131r.<\/p>\n<p>Genel Kurulda yap\u0131lan se\u00e7imler sonucu, y\u00f6netim kurulu\u2019na asil \u00fcye olarak se\u00e7ilen a\u015fa\u011f\u0131da adlar\u0131 yaz\u0131l\u0131 \u00fcyeler, daha sonra toplanarak a\u015fa\u011f\u0131daki g\u00f6rev b\u00f6l\u00fc\u015f\u00fcm\u00fcn\u00fc kararla\u015ft\u0131rm\u0131\u015flard\u0131r.<\/p>\n<p><strong>Ba\u015fkan\u00a0\u00a0<\/strong>\u00a0\u00a0\u00a0\u00a0\u00a0\u00a0\u00a0\u00a0\u00a0\u00a0\u00a0\u00a0\u00a0\u00a0 : Galip Yalman<br \/><strong>\u0130kinci Ba\u015fkan\u00a0<\/strong> \u00a0\u00a0\u00a0\u00a0 : Mustafa \u015een<br \/><strong>Genel Sekreter<\/strong> \u00a0\u00a0\u00a0 : Aylin Topal<br \/><strong>Muhasip \u00dcye\u00a0<\/strong>\u00a0\u00a0\u00a0\u00a0\u00a0\u00a0 : G\u00fclbiye Yenimahalleli Ya\u015far<br \/><strong>\u00dcye<\/strong>\u00a0\u00a0\u00a0\u00a0\u00a0\u00a0\u00a0\u00a0\u00a0\u00a0\u00a0\u00a0 \u00a0\u00a0\u00a0\u00a0\u00a0\u00a0\u00a0\u00a0\u00a0 : Ebru Voyvoda<br \/><strong>\u00dcye\u00a0\u00a0\u00a0<\/strong>\u00a0\u00a0\u00a0\u00a0\u00a0\u00a0\u00a0\u00a0\u00a0 \u00a0\u00a0\u00a0\u00a0\u00a0\u00a0\u00a0\u00a0\u00a0 : P\u0131nar Bedirhano\u011flu<br \/><strong>\u00dcye\u00a0<\/strong>\u00a0\u00a0\u00a0\u00a0\u00a0\u00a0\u00a0\u00a0\u00a0\u00a0\u00a0 \u00a0\u00a0\u00a0\u00a0\u00a0\u00a0\u00a0\u00a0\u00a0 : Havva Ezgi Do\u011fru<\/p>\n<p><strong>Y\u00f6netim Kurulu Yedek \u00dcyeleri \u015fu ki\u015filerden olu\u015fmu\u015ftur<\/strong>:<\/p>\n<p>Ezgi P\u0131nar<br \/>Baver Ye\u015filyurt<br \/>Hulusi Hakan M\u0131hc\u0131<br \/>Co\u015fku \u00c7elik<br \/>Denizcan Kutlu<br \/>\u00c7iler Dursun<br \/>Sebiha Kablay<\/p>\n<p><strong>Denetim Kurulu as\u0131l ve yedek \u00fcyeleri de \u015fu \u015fekilde belirlenmi\u015ftir:<\/strong><\/p>\n<p><strong>As\u0131l \u00dcye<\/strong> <strong>\u00a0\u00a0\u00a0\u00a0\u00a0\u00a0\u00a0\u00a0\u00a0\u00a0\u00a0\u00a0\u00a0\u00a0\u00a0\u00a0\u00a0\u00a0\u00a0\u00a0\u00a0\u00a0\u00a0\u00a0\u00a0\u00a0\u00a0\u00a0\u00a0\u00a0\u00a0\u00a0\u00a0\u00a0\u00a0\u00a0\u00a0\u00a0\u00a0\u00a0\u00a0 Yedek \u00dcye<\/strong><\/p>\n<p>O\u011fuz Oyan\u00a0\u00a0 \u00a0\u00a0\u00a0\u00a0\u00a0\u00a0\u00a0\u00a0\u00a0\u00a0\u00a0\u00a0\u00a0\u00a0\u00a0\u00a0\u00a0\u00a0\u00a0\u00a0\u00a0\u00a0\u00a0\u00a0\u00a0\u00a0\u00a0\u00a0\u00a0\u00a0\u00a0\u00a0\u00a0\u00a0\u00a0 Ergun Altunta\u015f<br \/>Aziz Konukman\u00a0 \u00a0 \u00a0 \u00a0 \u00a0 \u00a0 \u00a0 \u00a0 \u00a0 \u00a0 \u00a0 \u00a0 \u00a0 \u00a0 \u00a0 \u00a0 Seyhan Erdo\u011fdu<br \/>Asuman G\u00f6ksel\u00a0 \u00a0 \u00a0 \u00a0 \u00a0 \u00a0 \u00a0 \u00a0 \u00a0 \u00a0 \u00a0 \u00a0 \u00a0 \u00a0 \u00a0 \u00a0 Ali R\u0131za Ayd\u0131n<\/p>\n<p><strong>T\u00fcrk Sosyal Bilimler Derne\u011fi Y\u00f6netim Kurulu<\/strong><\/p>\n\n\n<p><\/p>\n","protected":false},"excerpt":{"rendered":"<p>26.04.2025 tarihinde toplanan ola\u011fan genel kurulumuzda 2023-2025 d\u00f6nemi y\u00f6netim kurulu \u00e7al\u0131\u015fma raporu ve denetim kurulu raporu okunarak kabul edilmi\u015ftir. Genel kurulda \u00fcye aidatlar\u0131n\u0131n y\u0131ll\u0131k 600 TL\u2019ye y\u00fckseltilmesi \u00f6nerisi kabul edilerek, \u00fcyelerin aidatlar\u0131n\u0131 d\u00fczenli olarak \u00f6demesi konusunda, yeni se\u00e7ilecek y\u00f6netim kuruluna giri\u015fimde bulunmas\u0131 \u00f6nerisi benimsenmi\u015ftir. Genel kurulun \u00f6n\u00fcm\u00fczdeki \u00e7al\u0131\u015fma d\u00f6nemine ili\u015fkin dilek ve \u00f6neriler b\u00f6l\u00fcm\u00fcnde, genel [&hellip;]<\/p>\n","protected":false},"author":1,"featured_media":0,"parent":31,"menu_order":1,"comment_status":"closed","ping_status":"closed","template":"","meta":{"_uag_custom_page_level_css":"","_themeisle_gutenberg_block_has_review":false,"footnotes":""},"class_list":["post-49","page","type-page","status-publish","hentry"],"blocksy_meta":[],"uagb_featured_image_src":{"full":false,"thumbnail":false,"medium":false,"medium_large":false,"large":false,"1536x1536":false,"2048x2048":false},"uagb_author_info":{"display_name":false,"author_link":"https:\/\/tsbd.org.tr\/?author=1"},"uagb_comment_info":0,"uagb_excerpt":"26.04.2025 tarihinde toplanan ola\u011fan genel kurulumuzda 2023-2025 d\u00f6nemi y\u00f6netim kurulu \u00e7al\u0131\u015fma raporu ve denetim kurulu raporu okunarak kabul edilmi\u015ftir. Genel kurulda \u00fcye aidatlar\u0131n\u0131n y\u0131ll\u0131k 600 TL\u2019ye y\u00fckseltilmesi \u00f6nerisi kabul edilerek, \u00fcyelerin aidatlar\u0131n\u0131 d\u00fczenli olarak \u00f6demesi konusunda, yeni se\u00e7ilecek y\u00f6netim kuruluna giri\u015fimde bulunmas\u0131 \u00f6nerisi benimsenmi\u015ftir. Genel kurulun \u00f6n\u00fcm\u00fczdeki \u00e7al\u0131\u015fma d\u00f6nemine ili\u015fkin dilek ve \u00f6neriler b\u00f6l\u00fcm\u00fcnde, genel&hellip;","_links":{"self":[{"href":"https:\/\/tsbd.org.tr\/index.php?rest_route=\/wp\/v2\/pages\/49","targetHints":{"allow":["GET"]}}],"collection":[{"href":"https:\/\/tsbd.org.tr\/index.php?rest_route=\/wp\/v2\/pages"}],"about":[{"href":"https:\/\/tsbd.org.tr\/index.php?rest_route=\/wp\/v2\/types\/page"}],"author":[{"embeddable":true,"href":"https:\/\/tsbd.org.tr\/index.php?rest_route=\/wp\/v2\/users\/1"}],"replies":[{"embeddable":true,"href":"https:\/\/tsbd.org.tr\/index.php?rest_route=%2Fwp%2Fv2%2Fcomments&post=49"}],"version-history":[{"count":12,"href":"https:\/\/tsbd.org.tr\/index.php?rest_route=\/wp\/v2\/pages\/49\/revisions"}],"predecessor-version":[{"id":1907,"href":"https:\/\/tsbd.org.tr\/index.php?rest_route=\/wp\/v2\/pages\/49\/revisions\/1907"}],"up":[{"embeddable":true,"href":"https:\/\/tsbd.org.tr\/index.php?rest_route=\/wp\/v2\/pages\/31"}],"wp:attachment":[{"href":"https:\/\/tsbd.org.tr\/index.php?rest_route=%2Fwp%2Fv2%2Fmedia&parent=49"}],"curies":[{"name":"wp","href":"https:\/\/api.w.org\/{rel}","templated":true}]}}