{"id":827,"date":"2021-03-08T13:49:40","date_gmt":"2021-03-08T10:49:40","guid":{"rendered":"http:\/\/tsbd.org.tr\/?page_id=827"},"modified":"2022-10-31T17:08:25","modified_gmt":"2022-10-31T14:08:25","slug":"zoom-uzerinden-carsamba-soylesileri","status":"publish","type":"page","link":"https:\/\/tsbd.org.tr\/?page_id=827","title":{"rendered":"ZOOM \u00dcZER\u0130NDEN \u00c7AR\u015eAMBA S\u00d6YLE\u015e\u0130LER\u0130"},"content":{"rendered":"\n<p>T\u00fcrk Sosyal Bilimler Derne\u011fi, geleneksel \u00c7ar\u015famba S\u00f6yle\u015filerini, webinar \u015feklinde s\u00fcrd\u00fcrmeye devam etmektedir. Bu ba\u011flamda haz\u0131rlanan N\u0130SAN &#8211; MAYIS &#8211; HAZ\u0130RAN Program\u0131 a\u015fa\u011f\u0131da bilgilerinize sunulmu\u015ftur.<\/p>\n\n\n\n<figure class=\"wp-block-image size-full\"><img fetchpriority=\"high\" decoding=\"async\" width=\"722\" height=\"1004\" src=\"http:\/\/tsbd.org.tr\/wp-content\/uploads\/2022\/04\/TSBD.jpeg\" alt=\"\" class=\"wp-image-1099\" srcset=\"https:\/\/tsbd.org.tr\/wp-content\/uploads\/2022\/04\/TSBD.jpeg 722w, https:\/\/tsbd.org.tr\/wp-content\/uploads\/2022\/04\/TSBD-216x300.jpeg 216w\" sizes=\"(max-width: 722px) 100vw, 722px\" \/><\/figure>\n\n\n\n<p><\/p>\n\n\n\n<p><\/p>\n\n\n\n<p>T\u00fcrk Sosyal Bilimler Derne\u011fi, geleneksel \u00c7ar\u015famba S\u00f6yle\u015filerini, i\u00e7inde bulundu\u011fumuz ko\u015fullarda, webinar \u015feklinde s\u00fcrd\u00fcrmeye devam etmektedir. <br><br>Bu ba\u011flamda haz\u0131rlanan \u015eubat-Mart Program\u0131 a\u015fa\u011f\u0131da bilgilerinize sunulmu\u015ftur. <\/p>\n\n\n\n<p><\/p>\n\n\n\n<figure class=\"wp-block-image size-large\"><img decoding=\"async\" width=\"722\" height=\"1024\" src=\"http:\/\/tsbd.org.tr\/wp-content\/uploads\/2022\/02\/\u00c7ar\u015famba-S\u00f6yle\u015fileri-Program\u0131.jpeg\" alt=\"\" class=\"wp-image-978\" srcset=\"https:\/\/tsbd.org.tr\/wp-content\/uploads\/2022\/02\/\u00c7ar\u015famba-S\u00f6yle\u015fileri-Program\u0131.jpeg 722w, https:\/\/tsbd.org.tr\/wp-content\/uploads\/2022\/02\/\u00c7ar\u015famba-S\u00f6yle\u015fileri-Program\u0131-212x300.jpeg 212w\" sizes=\"(max-width: 722px) 100vw, 722px\" \/><\/figure>\n","protected":false},"excerpt":{"rendered":"<p>T\u00fcrk Sosyal Bilimler Derne\u011fi, geleneksel \u00c7ar\u015famba S\u00f6yle\u015filerini, webinar \u015feklinde s\u00fcrd\u00fcrmeye devam etmektedir. Bu ba\u011flamda haz\u0131rlanan N\u0130SAN &#8211; MAYIS &#8211; HAZ\u0130RAN Program\u0131 a\u015fa\u011f\u0131da bilgilerinize sunulmu\u015ftur. T\u00fcrk Sosyal Bilimler Derne\u011fi, geleneksel \u00c7ar\u015famba S\u00f6yle\u015filerini, i\u00e7inde bulundu\u011fumuz ko\u015fullarda, webinar \u015feklinde s\u00fcrd\u00fcrmeye devam etmektedir. Bu ba\u011flamda haz\u0131rlanan \u015eubat-Mart Program\u0131 a\u015fa\u011f\u0131da bilgilerinize sunulmu\u015ftur.<\/p>\n","protected":false},"author":3,"featured_media":0,"parent":0,"menu_order":6,"comment_status":"closed","ping_status":"closed","template":"","meta":{"_uag_custom_page_level_css":"","_themeisle_gutenberg_block_has_review":false,"footnotes":""},"class_list":["post-827","page","type-page","status-publish","hentry"],"blocksy_meta":[],"uagb_featured_image_src":{"full":false,"thumbnail":false,"medium":false,"medium_large":false,"large":false,"1536x1536":false,"2048x2048":false},"uagb_author_info":{"display_name":false,"author_link":"https:\/\/tsbd.org.tr\/?author=3"},"uagb_comment_info":0,"uagb_excerpt":"T\u00fcrk Sosyal Bilimler Derne\u011fi, geleneksel \u00c7ar\u015famba S\u00f6yle\u015filerini, webinar \u015feklinde s\u00fcrd\u00fcrmeye devam etmektedir. Bu ba\u011flamda haz\u0131rlanan N\u0130SAN &#8211; MAYIS &#8211; HAZ\u0130RAN Program\u0131 a\u015fa\u011f\u0131da bilgilerinize sunulmu\u015ftur. T\u00fcrk Sosyal Bilimler Derne\u011fi, geleneksel \u00c7ar\u015famba S\u00f6yle\u015filerini, i\u00e7inde bulundu\u011fumuz ko\u015fullarda, webinar \u015feklinde s\u00fcrd\u00fcrmeye devam etmektedir. Bu ba\u011flamda haz\u0131rlanan \u015eubat-Mart Program\u0131 a\u015fa\u011f\u0131da bilgilerinize sunulmu\u015ftur.","_links":{"self":[{"href":"https:\/\/tsbd.org.tr\/index.php?rest_route=\/wp\/v2\/pages\/827","targetHints":{"allow":["GET"]}}],"collection":[{"href":"https:\/\/tsbd.org.tr\/index.php?rest_route=\/wp\/v2\/pages"}],"about":[{"href":"https:\/\/tsbd.org.tr\/index.php?rest_route=\/wp\/v2\/types\/page"}],"author":[{"embeddable":true,"href":"https:\/\/tsbd.org.tr\/index.php?rest_route=\/wp\/v2\/users\/3"}],"replies":[{"embeddable":true,"href":"https:\/\/tsbd.org.tr\/index.php?rest_route=%2Fwp%2Fv2%2Fcomments&post=827"}],"version-history":[{"count":23,"href":"https:\/\/tsbd.org.tr\/index.php?rest_route=\/wp\/v2\/pages\/827\/revisions"}],"predecessor-version":[{"id":1100,"href":"https:\/\/tsbd.org.tr\/index.php?rest_route=\/wp\/v2\/pages\/827\/revisions\/1100"}],"wp:attachment":[{"href":"https:\/\/tsbd.org.tr\/index.php?rest_route=%2Fwp%2Fv2%2Fmedia&parent=827"}],"curies":[{"name":"wp","href":"https:\/\/api.w.org\/{rel}","templated":true}]}}