{"id":853,"date":"2021-05-23T17:07:00","date_gmt":"2021-05-23T14:07:00","guid":{"rendered":"http:\/\/tsbd.org.tr\/?page_id=853"},"modified":"2022-04-10T09:46:43","modified_gmt":"2022-04-10T06:46:43","slug":"public-banks-and-the-pandemic","status":"publish","type":"page","link":"https:\/\/tsbd.org.tr\/?page_id=853","title":{"rendered":"21 N\u0130SAN 2021 Public Banks and the Pandemic"},"content":{"rendered":"\n<p>Bildi\u011finiz gibi T\u00fcrk Sosyal Bilimler Derne\u011fi, geleneksel \u00c7ar\u015famba S\u00f6yle\u015filerini, i\u00e7inde bulundu\u011fumuz ko\u015fullarda, webinar \u015feklinde s\u00fcrd\u00fcrme karar\u0131 alm\u0131\u015ft\u0131r.<br><br>Bu \u00e7er\u00e7evede \u00fc\u00e7\u00fcnc\u00fc toplant\u0131m\u0131z\u0131, \u201c<strong>Public Banks and the Pandemic<\/strong>\u201d konusunda 21 Nisan 2021 \u00c7ar\u015famba, saat 20.00&#8217;da Ebru Voyvoda moderat\u00f6rl\u00fc\u011f\u00fcnde \u0130ngilizce olarak Ali R\u0131za G\u00fcngen (TSBD), Tom Marois (UCL Institute for Innovation and Public Purpose &amp; SOAS University of London) ve Diana Barrowclough (UNCTAD) kat\u0131l\u0131mlar\u0131yla d\u00fczenledik. <br>Bu toplant\u0131y\u0131 izlemek i\u00e7in <strong>v%NNnyt3<\/strong> \u015fifresini kullanarak <br><a rel=\"noreferrer noopener\" href=\"https:\/\/zoom.us\/rec\/share\/1ANqwTdlw9tk6EYjq8C5BEzmjC56ROxTWwDyH9MINJ9xybMA0mUd6E5XF8xz-HCT.hOkUJC-ADEui7WIe\" target=\"_blank\">https:\/\/zoom.us\/rec\/share\/1ANqwTdlw9tk6EYjq8C5BEzmjC56ROxTWwDyH9MINJ9xybMA0mUd6E5XF8xz-HCT.hOkUJC-ADEui7WIe<\/a>&nbsp;linkten izleyebilirsiniz.<\/p>\n","protected":false},"excerpt":{"rendered":"<p>Bildi\u011finiz gibi T\u00fcrk Sosyal Bilimler Derne\u011fi, geleneksel \u00c7ar\u015famba S\u00f6yle\u015filerini, i\u00e7inde bulundu\u011fumuz ko\u015fullarda, webinar \u015feklinde s\u00fcrd\u00fcrme karar\u0131 alm\u0131\u015ft\u0131r. Bu \u00e7er\u00e7evede \u00fc\u00e7\u00fcnc\u00fc toplant\u0131m\u0131z\u0131, \u201cPublic Banks and the Pandemic\u201d konusunda 21 Nisan 2021 \u00c7ar\u015famba, saat 20.00&#8217;da Ebru Voyvoda moderat\u00f6rl\u00fc\u011f\u00fcnde \u0130ngilizce olarak Ali R\u0131za G\u00fcngen (TSBD), Tom Marois (UCL Institute for Innovation and Public Purpose &amp; SOAS University of [&hellip;]<\/p>\n","protected":false},"author":3,"featured_media":0,"parent":827,"menu_order":6,"comment_status":"closed","ping_status":"closed","template":"","meta":{"_uag_custom_page_level_css":"","_themeisle_gutenberg_block_has_review":false,"footnotes":""},"class_list":["post-853","page","type-page","status-publish","hentry"],"blocksy_meta":[],"uagb_featured_image_src":{"full":false,"thumbnail":false,"medium":false,"medium_large":false,"large":false,"1536x1536":false,"2048x2048":false},"uagb_author_info":{"display_name":false,"author_link":"https:\/\/tsbd.org.tr\/?author=3"},"uagb_comment_info":0,"uagb_excerpt":"Bildi\u011finiz gibi T\u00fcrk Sosyal Bilimler Derne\u011fi, geleneksel \u00c7ar\u015famba S\u00f6yle\u015filerini, i\u00e7inde bulundu\u011fumuz ko\u015fullarda, webinar \u015feklinde s\u00fcrd\u00fcrme karar\u0131 alm\u0131\u015ft\u0131r. Bu \u00e7er\u00e7evede \u00fc\u00e7\u00fcnc\u00fc toplant\u0131m\u0131z\u0131, \u201cPublic Banks and the Pandemic\u201d konusunda 21 Nisan 2021 \u00c7ar\u015famba, saat 20.00&#8217;da Ebru Voyvoda moderat\u00f6rl\u00fc\u011f\u00fcnde \u0130ngilizce olarak Ali R\u0131za G\u00fcngen (TSBD), Tom Marois (UCL Institute for Innovation and Public Purpose &amp; SOAS University of&hellip;","_links":{"self":[{"href":"https:\/\/tsbd.org.tr\/index.php?rest_route=\/wp\/v2\/pages\/853","targetHints":{"allow":["GET"]}}],"collection":[{"href":"https:\/\/tsbd.org.tr\/index.php?rest_route=\/wp\/v2\/pages"}],"about":[{"href":"https:\/\/tsbd.org.tr\/index.php?rest_route=\/wp\/v2\/types\/page"}],"author":[{"embeddable":true,"href":"https:\/\/tsbd.org.tr\/index.php?rest_route=\/wp\/v2\/users\/3"}],"replies":[{"embeddable":true,"href":"https:\/\/tsbd.org.tr\/index.php?rest_route=%2Fwp%2Fv2%2Fcomments&post=853"}],"version-history":[{"count":5,"href":"https:\/\/tsbd.org.tr\/index.php?rest_route=\/wp\/v2\/pages\/853\/revisions"}],"predecessor-version":[{"id":1128,"href":"https:\/\/tsbd.org.tr\/index.php?rest_route=\/wp\/v2\/pages\/853\/revisions\/1128"}],"up":[{"embeddable":true,"href":"https:\/\/tsbd.org.tr\/index.php?rest_route=\/wp\/v2\/pages\/827"}],"wp:attachment":[{"href":"https:\/\/tsbd.org.tr\/index.php?rest_route=%2Fwp%2Fv2%2Fmedia&parent=853"}],"curies":[{"name":"wp","href":"https:\/\/api.w.org\/{rel}","templated":true}]}}