{"id":916,"date":"2021-08-07T11:35:14","date_gmt":"2021-08-07T08:35:14","guid":{"rendered":"http:\/\/tsbd.org.tr\/?page_id=916"},"modified":"2022-10-31T16:55:17","modified_gmt":"2022-10-31T13:55:17","slug":"genc-sosyal-bilimciler-odulleri","status":"publish","type":"page","link":"https:\/\/tsbd.org.tr\/?page_id=916","title":{"rendered":"GEN\u00c7 SOSYAL B\u0130L\u0130MC\u0130LER \u00d6D\u00dcLLER\u0130 A\u00c7IKLANDI"},"content":{"rendered":"\n<p>TSBD Gen\u00e7 Sosyal Bilimciler \u00d6d\u00fclleri De\u011ferlendirme s\u00fcreci tamamlanm\u0131\u015f olup, \u00f6d\u00fcle lay\u0131k g\u00f6r\u00fclen \u00e7al\u0131\u015fmalar\u0131n sahiplerine verilmesi i\u00e7in,&nbsp;25 Aral\u0131k 2021 Cumartesi, saat 16.00\u2019da Ankara\u2019da \u00c7ankaya Belediyesi, \u00c7a\u011fda\u015f Sanatlar Merkezinde \u00d6d\u00fcl T\u00f6reni yap\u0131lacakt\u0131r. &nbsp;<\/p>\n\n\n\n<p>Gen\u00e7 Sosyal Bilimciler \u00d6d\u00fclleri i\u00e7in \u00e7al\u0131\u015fmalar\u0131n\u0131 g\u00f6nderen t\u00fcm kat\u0131l\u0131mc\u0131lar\u0131 ve \u00f6d\u00fcl alanlar\u0131 candan kutlar, akademik \u00e7al\u0131\u015fmalar\u0131nda ba\u015far\u0131lar\u0131n\u0131n devaml\u0131 olmas\u0131n\u0131 dileriz.<\/p>\n\n\n<a href=\"https:\/\/tsbd.org.tr\/wp-content\/uploads\/2021\/12\/2021-\u00d6D\u00dcL-SONU\u00c7LARI-GLY.pdf\" class=\"pdfemb-viewer\" style=\"\" data-width=\"max\" data-height=\"max\" data-toolbar=\"bottom\" data-toolbar-fixed=\"on\">2021-\u00d6D\u00dcL-SONU\u00c7LARI-GLY<\/a>\n<p class=\"wp-block-pdfemb-pdf-embedder-viewer\"><\/p>\n","protected":false},"excerpt":{"rendered":"<p>TSBD Gen\u00e7 Sosyal Bilimciler \u00d6d\u00fclleri De\u011ferlendirme s\u00fcreci tamamlanm\u0131\u015f olup, \u00f6d\u00fcle lay\u0131k g\u00f6r\u00fclen \u00e7al\u0131\u015fmalar\u0131n sahiplerine verilmesi i\u00e7in,&nbsp;25 Aral\u0131k 2021 Cumartesi, saat 16.00\u2019da Ankara\u2019da \u00c7ankaya Belediyesi, \u00c7a\u011fda\u015f Sanatlar Merkezinde \u00d6d\u00fcl T\u00f6reni yap\u0131lacakt\u0131r. &nbsp; Gen\u00e7 Sosyal Bilimciler \u00d6d\u00fclleri i\u00e7in \u00e7al\u0131\u015fmalar\u0131n\u0131 g\u00f6nderen t\u00fcm kat\u0131l\u0131mc\u0131lar\u0131 ve \u00f6d\u00fcl alanlar\u0131 candan kutlar, akademik \u00e7al\u0131\u015fmalar\u0131nda ba\u015far\u0131lar\u0131n\u0131n devaml\u0131 olmas\u0131n\u0131 dileriz.<\/p>\n","protected":false},"author":3,"featured_media":0,"parent":0,"menu_order":6,"comment_status":"closed","ping_status":"closed","template":"","meta":{"_uag_custom_page_level_css":"","_themeisle_gutenberg_block_has_review":false,"footnotes":""},"class_list":["post-916","page","type-page","status-publish","hentry"],"blocksy_meta":[],"uagb_featured_image_src":{"full":false,"thumbnail":false,"medium":false,"medium_large":false,"large":false,"1536x1536":false,"2048x2048":false},"uagb_author_info":{"display_name":false,"author_link":"https:\/\/tsbd.org.tr\/?author=3"},"uagb_comment_info":0,"uagb_excerpt":"TSBD Gen\u00e7 Sosyal Bilimciler \u00d6d\u00fclleri De\u011ferlendirme s\u00fcreci tamamlanm\u0131\u015f olup, \u00f6d\u00fcle lay\u0131k g\u00f6r\u00fclen \u00e7al\u0131\u015fmalar\u0131n sahiplerine verilmesi i\u00e7in,&nbsp;25 Aral\u0131k 2021 Cumartesi, saat 16.00\u2019da Ankara\u2019da \u00c7ankaya Belediyesi, \u00c7a\u011fda\u015f Sanatlar Merkezinde \u00d6d\u00fcl T\u00f6reni yap\u0131lacakt\u0131r. &nbsp; Gen\u00e7 Sosyal Bilimciler \u00d6d\u00fclleri i\u00e7in \u00e7al\u0131\u015fmalar\u0131n\u0131 g\u00f6nderen t\u00fcm kat\u0131l\u0131mc\u0131lar\u0131 ve \u00f6d\u00fcl alanlar\u0131 candan kutlar, akademik \u00e7al\u0131\u015fmalar\u0131nda ba\u015far\u0131lar\u0131n\u0131n devaml\u0131 olmas\u0131n\u0131 dileriz.","_links":{"self":[{"href":"https:\/\/tsbd.org.tr\/index.php?rest_route=\/wp\/v2\/pages\/916","targetHints":{"allow":["GET"]}}],"collection":[{"href":"https:\/\/tsbd.org.tr\/index.php?rest_route=\/wp\/v2\/pages"}],"about":[{"href":"https:\/\/tsbd.org.tr\/index.php?rest_route=\/wp\/v2\/types\/page"}],"author":[{"embeddable":true,"href":"https:\/\/tsbd.org.tr\/index.php?rest_route=\/wp\/v2\/users\/3"}],"replies":[{"embeddable":true,"href":"https:\/\/tsbd.org.tr\/index.php?rest_route=%2Fwp%2Fv2%2Fcomments&post=916"}],"version-history":[{"count":13,"href":"https:\/\/tsbd.org.tr\/index.php?rest_route=\/wp\/v2\/pages\/916\/revisions"}],"predecessor-version":[{"id":998,"href":"https:\/\/tsbd.org.tr\/index.php?rest_route=\/wp\/v2\/pages\/916\/revisions\/998"}],"wp:attachment":[{"href":"https:\/\/tsbd.org.tr\/index.php?rest_route=%2Fwp%2Fv2%2Fmedia&parent=916"}],"curies":[{"name":"wp","href":"https:\/\/api.w.org\/{rel}","templated":true}]}}

GENÇ SOSYAL BİLİMCİLER ÖDÜLLERİ AÇIKLANDI

<p>TSBD Genç Sosyal Bilimciler Ödülleri Değerlendirme süreci tamamlanmış olup, ödüle layık görülen çalışmaların sahiplerine verilmesi için,&nbsp;25 Aralık 2021 Cumartesi, saat 16.00’da Ankara’da Çankaya Belediyesi, Çağdaş Sanatlar Merkezinde Ödül Töreni yapılacaktır. &nbsp;</p>



<p>Genç Sosyal Bilimciler Ödülleri için çalışmalarını gönderen tüm katılımcıları ve ödül alanları candan kutlar, akademik çalışmalarında başarılarının devamlı olmasını dileriz.</p>


<a href="https://tsbd.org.tr/wp-content/uploads/2021/12/2021-ÖDÜL-SONUÇLARI-GLY.pdf" class="pdfemb-viewer" style="" data-width="max" data-height="max" data-toolbar="bottom" data-toolbar-fixed="on">2021-ÖDÜL-SONUÇLARI-GLY</a>
<p class="wp-block-pdfemb-pdf-embedder-viewer"></p>

<p>TSBD Genç Sosyal Bilimciler Ödülleri Değerlendirme süreci tamamlanmış olup, ödüle layık görülen çalışmaların sahiplerine verilmesi için,&nbsp;25 Aralık 2021 Cumartesi, saat 16.00’da Ankara’da Çankaya Belediyesi, Çağdaş Sanatlar Merkezinde Ödül Töreni yapılacaktır. &nbsp; Genç Sosyal Bilimciler Ödülleri için çalışmalarını gönderen tüm katılımcıları ve ödül alanları candan kutlar, akademik çalışmalarında başarılarının devamlı olmasını dileriz.</p>

TSBD Genç Sosyal Bilimciler Ödülleri Değerlendirme süreci tamamlanmış olup, ödüle layık görülen çalışmaların sahiplerine verilmesi için,&nbsp;25 Aralık 2021 Cumartesi, saat 16.00’da Ankara’da Çankaya Belediyesi, Çağdaş Sanatlar Merkezinde Ödül Töreni yapılacaktır. &nbsp; Genç Sosyal Bilimciler Ödülleri için çalışmalarını gönderen tüm katılımcıları ve ödül alanları candan kutlar, akademik çalışmalarında başarılarının devamlı olmasını dileriz.
